e the prime factors of t?
2, 5
Let n = -15 + 17. Suppose 2*v + 2*v - 36 = -4*l, -n*v - 52 = -3*l. What are the prime factors of l?
2, 7
Let x be 4/8*4/1. Suppose 3*q - x = 127. List the prime factors of q.
43
Let t(y) = 3*y - 2. Let s be t(2). Suppose 0 = -b - s*b - 20. Let a = 24 + b. List the prime factors of a.
2, 5
Suppose -942 = -10*z + 528. Let r(t) = t + 7. Let v be r(-3). Suppose v*x - z = x. List the prime factors of x.
7
Suppose -69 = 5*x - 34. Let b = 31 - x. What are the prime factors of b?
2, 19
Let k be -15*(1 - (5 + -5)). What are the prime factors of k/(1 + 4) - -192?
3, 7
Let n(u) = u**3 - 2*u**2 - 2*u - 8. Let y be n(4). Suppose -24 = -2*m + y. List the prime factors of m.
2, 5
Let o = -106 + 92. List the prime factors of (-57 - -63)*(-1)/(3/o).
2, 7
Let i(x) = -242*x**3 + 6*x - 2. Let a(o) = 242*o**3 - o**2 - 8*o + 3. Let s(c) = 4*a(c) + 5*i(c). List the prime factors of s(-1).
2, 11
Let y be (10/(-8))/(49/(-392)). Suppose 35 + 25 = 3*w. Let v = w - y. List the prime factors of v.
2, 5
Let v = -25 - -45. Suppose -2*m + 6 = m. Suppose -m*h + h = -v. What are the prime factors of h?
2, 5
Let o = 24 + -16. Let p be (-98)/o - 4/(-16). List the prime factors of p/(-10)*(-135)/(-6).
3
List the prime factors of (3 - (-3)/(-6))/(14/252).
3, 5
Let l(f) = f**3 + f**2. Let o be l(1). Suppose -2*a = -3*a + 2*u + 35, o*u - 120 = -4*a. What are the prime factors of a?
31
Let h(v) = 4*v**2 - 11*v - 9. Let x be ((-2)/(-4))/((-1)/16*2). List the prime factors of h(x).
3, 11
Let m = -13 - -4. Let v be (1 + -1)*(m - -10). Suppose 2*i - 2 = -5*t + 71, 2*t + 4*i - 26 = v. List the prime factors of t.
3, 5
Let h = 2685 + -2074. What are the prime factors of h?
13, 47
Suppose 2*u - 8 = 0, -5*r - 3*u - 7 = -6*u. What are the prime factors of -3 - (r + (-74)/1)?
2, 5, 7
List the prime factors of 180/(-1980) - (-172)/11*140.
11, 199
Let f be ((-135)/(-20) + 3)/((-3)/(-24)). Let m = 256 - f. What are the prime factors of m?
2, 89
List the prime factors of ((-220)/(-33))/20 - 2642/(-3).
881
What are the prime factors of (65 - (8 + -10))*(-1 - -14)?
13, 67
Let r = -24 - -27. What are the prime factors of (r - -168)/3 - 2?
5, 11
Suppose -15*h + 12*h + 4439 = n, 4*h - 3*n - 5936 = 0. What are the prime factors of h?
1481
Suppose -24*v + 8440 = -16*v. List the prime factors of v.
5, 211
What are the prime factors of (-2382)/(-9) + ((-32)/12)/4?
2, 3, 11
Suppose v = 5*i - 1117, -3*i - 2*v = -7*i + 896. What are the prime factors of i?
223
Suppose -2*h = 2*b - 4, 5*h = 3*b + 6 + 4. Let q = 2 - b. List the prime factors of (-7 - q)*20/(-6).
2, 3, 5
Suppose -r + 18 = r. Let k(x) = -x**2 + 11*x - 9. Let f be k(r). List the prime factors of (-4 - (-3 - 3))*f.
2, 3
Let c(w) = -w**2 + 6*w + 13. Let d be c(8). List the prime factors of d/9 - (-28)/12.
2
Let o(w) = w**3 + 2*w + 33. Let f = -31 - -46. Let y = 15 - f. List the prime factors of o(y).
3, 11
Suppose -3*y = -4*l - 177, 4*y + 4*l - 5*l - 236 = 0. Suppose 3*w - y = 79. List the prime factors of w.
2, 23
Let v = 516 - -30. What are the prime factors of v?
2, 3, 7, 13
Suppose -3*f + 104 = -f. Let y(h) = -h**2 + 8*h + 8. Let i be y(10). Let t = f - i. List the prime factors of t.
2
Let t = -40 - -55. Let o be (4 - 1)*49/3. Let w = o - t. List the prime factors of w.
2, 17
Let u = 0 - 8. List the prime factors of 23/(-92) + (-242)/u.
2, 3, 5
Suppose -41*c - 453 = -44*c. List the prime factors of c.
151
Let t(s) = 95*s + 1. Let l be t(1). Suppose 0*b = 2*b - l. Suppose -4*f + 2*f = -b. List the prime factors of f.
2, 3
Let q = -554 + 359. What are the prime factors of q/(-6)*16/10?
2, 13
Let s(p) = p**3 + 12*p**2 - 11*p + 34. Let i be s(-13). Let y(x) = 0*x + x + 20 - 2. List the prime factors of y(i).
2, 13
Let p = -178 + 470. List the prime factors of p.
2, 73
Let z(c) = -c**2 - 4*c + 7. Let j be z(-5). Suppose 2*r = 5*s - 218, j*r - 222 = -4*s - s. List the prime factors of s.
2, 11
Let x be 226/5*(-30)/(-12). Let r = x - 52. What are the prime factors of r?
61
Suppose -196*o = -238*o + 213738. What are the prime factors of o?
7, 727
Let k(l) = -3*l + 53. Let v be k(17). Suppose -86 = -v*m + 4*t, 0 = -0*t + 2*t. List the prime factors of m.
43
Let d be 3*(37/3 - -3). Let u be d + 4/(-1) + 1. Let f = u + -28. What are the prime factors of f?
3, 5
Let c be 2/(-6) + (-136)/(-12). Let o(m) = -m**3 - 4*m**2 + 4*m - 7. Let d be o(-4). Let v = c - d. What are the prime factors of v?
2, 17
Suppose 15*g + 2184 = 36*g. List the prime factors of g.
2, 13
Suppose -18*q + 13230 + 144 = 0. List the prime factors of q.
743
Let p(u) = -u**2 + 3*u - 8. Let t be p(2). List the prime factors of -1*(-3)/t*149*-2.
149
Suppose 838 - 10 = 12*n. What are the prime factors of n?
3, 23
Suppose -4*b = -5*b + 148. Let r = -97 + b. What are the prime factors of r?
3, 17
Suppose 5*l + 15 = v, 5*v = -l + 3*l + 75. Suppose 15 = 3*a - v. What are the prime factors of a?
2, 5
Let j = 50 - 8. Suppose 2*r + 5*g = 41, -5*r + j = 5*g - 23. Suppose -r*d = -9*d + 30. List the prime factors of d.
2, 3, 5
Let s(m) = -m**3 - 13*m**2 - 15*m - 1. Let z be -5 + 3 + 0 - 10. What are the prime factors of s(z)?
5, 7
Suppose -7*v + 5 = -12*v. Let y be (-3)/(v + 3 + -3). Suppose 5*j - y*j - 25 = -3*a, -4*j + 25 = a. What are the prime factors of j?
5
Let g(k) = -11*k**2 + k. Let i be g(-2). Let u = 39 - i. List the prime factors of u.
5, 17
Let x(y) = 3*y - 4. Let p be x(3). Let g(u) = -11 - u - 11*u**2 + p*u + u**3 - u + 1. List the prime factors of g(11).
23
What are the prime factors of (-3044)/(-22) + (-12)/33?
2, 3, 23
Let s(h) = -102 + 7*h**2 - 8*h + 2*h**2 + 102 - h**3. Let a be s(8). List the prime factors of (-153)/(-3) - a/6.
3, 17
What are the prime factors of (2 - 21/3) + 1002 + -5?
2, 31
Let u(z) be the first derivative of z**5/60 - z**4/8 - 5*z**3/3 + 7. Let r(n) be the third derivative of u(n). What are the prime factors of r(3)?
3
Let m(h) = -2*h**2 + 2 + 7*h**2 + 8*h - 2*h**2. List the prime factors of m(-6).
2, 31
Let t = 308 - -293. List the prime factors of t.
601
Suppose -4*b = 3*c - c - 4702, 5*b + 11770 = 5*c. What are the prime factors of c?
13, 181
Let s be -1 - (-3 + 2 - 30). Let v = -25 + s. Suppose -v*w + 180 = -3*f - 0*f, -w + 44 = f. List the prime factors of w.
3, 13
Suppose 3*h + 20 = 14, 2*m = -2*h + 10296. List the prime factors of m.
2, 5, 103
Let z(i) = i**2 + 8*i + 1. Let v be z(-8). Let l(q) = 312*q**2 - 312*q**2 + 28*q**3. What are the prime factors of l(v)?
2, 7
Suppose 4*f + 5*i = 332 - 39, 0 = -f - i + 74. List the prime factors of f.
7, 11
Let f(g) = -133*g - 35. List the prime factors of f(-1).
2, 7
Let f(p) = 0*p**2 + p**3 + 3*p**2 - p**2. Let b be f(-1). List the prime factors of 117/3 - (-1)/b.
2, 5
Let w(c) = c + 6. Let y be w(-6). Suppose 3*i - 2*v - 5 = y, -v - 13 = -2*i - 3*i. List the prime factors of (-4)/12 - (-16)/i.
5
Let q = -757 - -1805. What are the prime factors of q?
2, 131
Let b be 0/(-4) - (2 + -2). Let t be (3 - 0)*(b - -1). Let k(p) = p**3 - 3*p**2 + 4*p + 1. List the prime factors of k(t).
13
Let d = 49 + -1. Let n be (2/4)/(8/d). List the prime factors of n + -7 + 4 - -45.
3, 5
Let d(c) = -37*c + 0*c**2 + 11 + 29*c + c**2. Suppose 3*i = 2*i + 8. What are the prime factors of d(i)?
11
Let i be 1/(-5*5/(-25)). Let o(d) = -82*d + i + 7 + 90*d. What are the prime factors of o(8)?
2, 3
List the prime factors of (0 - -40)*(-2625)/(-20).
2, 3, 5, 7
Suppose 11*u - 8*u - 7428 = 0. List the prime factors of u.
2, 619
Let o(l) be the third derivative of -l**6/120 - l**4/24 + 46*l**3 - 25*l**2. List the prime factors of o(0).
2, 3, 23
Let k = 366 - 237. What are the prime factors of 8 + -4 + 0 + k?
7, 19
Let g = -19 - -50. Suppose -2*x = 3*l + 3*x - 79, -5*x + 25 = 0. Let n = g - l. What are the prime factors of n?
13
Suppose -3*a + 4186 = 4*a. What are the prime factors of a?
2, 13, 23
What are the prime factors of 3576/6 - (1 + (2 - -2))?
3, 197
Let s(u) = u**2 + 15*u - 34. Let k be s(-17). Suppose 3*w + 45 - 417 = k. What are the prime factors of w?
2, 31
Suppose 40 = 4*w - 2*x, 0*w = -2*w + 2*x + 20. Suppose 0 = -w*a + 843 + 447. What are the prime factors of a?
3, 43
Let u(p) = 3*p + 15. Let i be u(-8). Let z(y) = 10*y + 22. Let k be z(i). What are the prime factors of -1*(k - (-3 - 1))?
2
Suppo